 w + 7*w**2 + w. What is the units digit of l(j)?
6
Let t(f) = -f**3 + 7*f**2 + 10*f - 15. Let z be (-4)/(12/9) + 10. What is the tens digit of t(z)?
5
Suppose -2*p = -3*x + 25, -3*p + 4*p = -5. Let c = x + -1. Suppose 1 = f - c. What is the units digit of f?
5
Suppose -8 = 15*f - 17*f. Suppose 6*l - l - 14 = -3*k, -l - 5*k - 6 = 0. Let j = f + l. What is the units digit of j?
8
Suppose -2*r = -6, 4*z + 0*r - 3 = -r. Suppose z*h - b + 65 = 5*h, -5*h = -4*b - 90. What is the tens digit of h?
1
Let o = -17 - -7. What is the units digit of ((-8)/o)/(2/30)?
2
Let z(b) = -b**2 - 7*b + 7. Let l = 11 + -5. Let h(o) = 2*o**2 + 13*o - 13. Let s(r) = l*h(r) + 11*z(r). What is the units digit of s(-3)?
5
Let y(t) = t**3 + 4*t**2 + 1. Let d be y(-3). Let h be (-1)/(-3) - 382/(-6). What is the units digit of (-4)/d + h/10?
6
Let b(d) = -9*d - 20. Let j(h) = 5*h + 10. Let w(l) = 3*b(l) + 5*j(l). What is the units digit of w(-12)?
4
Suppose -3*u + 11 = 3*g - 4*g, 4*u = -4*g + 4. Suppose -2*j + 0*o = u*o, 3*j - 7 = -o. What is the units digit of j?
3
Suppose -7 = -4*y + 13. Suppose -4*x = 3*z - 94, 135 = y*x - 2*z - 3*z. What is the tens digit of x?
2
Let x(u) = u**2 + 5*u + 6. Let c be x(-4). Suppose -a + 2*z - 15 = -2*a, c*a = 2*z + 24. What is the units digit of a?
3
Suppose 29*x - 27*x - 600 = 0. What is the tens digit of x?
0
Suppose 0 = -o + 9. Let q = o + -1. What is the tens digit of q - 4/(12/(-9))?
1
Suppose d + 5 = 0, -3*d = 2*n - 78 + 5. What is the units digit of n?
4
Let z(s) be the first derivative of s**6/180 - s**5/120 - s**4/12 - 2*s**3/3 - 2. Let f(q) be the third derivative of z(q). What is the units digit of f(2)?
4
Let q(g) = g**2 + 9*g + 3. Let n(h) = -2*h**2 - 10*h - 4. Let o(a) = -2*n(a) - 3*q(a). Let v be o(7). Let w(z) = 3*z**2 + 1. What is the units digit of w(v)?
4
Let r = 15 + 25. What is the units digit of r?
0
Let q(v) = 4*v**2 + 7*v - 11. What is the tens digit of q(8)?
0
What is the tens digit of (24/(-14))/((-22)/231)?
1
Let t(r) = 2*r + 1. Let d be t(-5). Let c = -8 - d. What is the units digit of c?
1
Suppose -10 = -4*m - x, -4*m + 3*x + 2 + 0 = 0. Suppose 0 = -m*o + o + 16. Let r = -10 + o. What is the units digit of r?
6
Suppose 5*d - 266 = -11. Suppose d = 4*p - 3*z, 7*z = p + 2*z. What is the units digit of p?
5
Let m(j) = -j**2 - 13*j + 15. What is the units digit of m(-11)?
7
Suppose -j = 2*f - 31, -3*f - 7 - 14 = -j. Suppose -79 = -4*c - 5*o, -2*c + j = 5*o - 0*o. What is the tens digit of c?
2
Suppose 4*m = -3*z, 3*z + z - 5*m - 31 = 0. Suppose 0 = -z*c - 10 + 58. What is the tens digit of c?
1
What is the tens digit of (-5)/25 - 221/(-5)?
4
Let l = -91 + 134. What is the units digit of l?
3
Let r be 0/(1*(0 + -2)). Suppose -5*o + 5*s + 65 = r, 2*o - 33 = -o - 3*s. Let g = 20 - o. What is the units digit of g?
8
Let p(x) = -x - 3. Suppose 3*k = -5*s - 0 - 5, 0 = 5*k + 5*s + 15. Let f be p(k). What is the units digit of -6*(-1)/3*f?
4
Let i = 3 + 0. Suppose -i*f = -0 - 6. What is the units digit of f/8 - 115/(-20)?
6
Suppose -3*i = -4*i + 17. Suppose 2*f = z + 12, -2*z + i = -3*z + 3*f. Let m = 3 + z. What is the units digit of m?
1
Let x(l) = 7*l - 6. What is the units digit of x(4)?
2
What is the units digit of ((-10)/4)/((-5)/60)?
0
Let b(l) = -l**3 - 3*l**2 + 4*l + 4. Let p be b(-4). Suppose -2*i + 3*a = -0*i - 18, 0 = 4*i + p*a - 76. Suppose 3*m - i = -2*m. What is the units digit of m?
3
Suppose 5*s - 205 = -0*s. What is the tens digit of s?
4
Let o(w) be the second derivative of 1/10*w**5 - 1/12*w**4 + 1/6*w**3 + 0*w**2 - 2*w + 0. What is the units digit of o(1)?
2
Let h(d) = d**3 - d**2 - d + 77. What is the units digit of h(0)?
7
Suppose 0 = 3*y - 409 + 79. What is the hundreds digit of y?
1
Let b(r) = 2*r**2 - 3*r + 3. What is the tens digit of b(-6)?
9
Let u(q) = -11*q - 10. What is the tens digit of u(-8)?
7
Let x(q) = 3*q**3 + 2*q**2 - 1. Let i be x(1). Suppose -i*l + l = -30. What is the units digit of l?
0
What is the units digit of -4 + 1 + 0 + 37?
4
Let x = -1 + -15. Let t = x - -28. What is the units digit of t?
2
Let p(v) = -v**2 + 3*v + 2. Suppose -2*z + 2 + 2 = 0. What is the units digit of p(z)?
4
Let j be -4*(30/4)/5. Let g = 2 + j. What is the units digit of ((-40)/(-12))/(g/(-6))?
5
Let d = 7 + -7. Suppose 29 = 6*b - 3*b + 2*z, -3*b - z + 31 = d. What is the tens digit of b?
1
Suppose 76 = -g + 3*g. What is the units digit of g?
8
Suppose -662 = -2*h + 4*m, 2*h + 3*m = 5*h - 987. What is the tens digit of h?
2
Let y(m) = -8*m + 2. Let b be y(4). Let j = b + 51. Let r = -10 + j. What is the units digit of r?
1
Let f be 0*(-3)/(-6) + 11. Let t be 0/1 + 0 - -18. Let k = t - f. What is the units digit of k?
7
Suppose 8*z + 186 = 10*z. What is the tens digit of z?
9
Suppose 0 = -5*v - z + 87, 0 = 4*v - 3*z + 2*z - 75. Suppose 0*m - 5*m - 3*y = -103, -2*y = -m + v. What is the units digit of m?
0
Let i(u) = u**3 + 11*u**2 - 3*u + 1. What is the units digit of i(-11)?
4
Suppose 0 = -4*q - 5 + 53. Suppose q = 2*n + 30. What is the units digit of 4/(-8) - n/2?
4
Let o be 4/2*30/4. Let c be o/2 - (-2)/(-4). Suppose -2*g + c*g = 55. What is the tens digit of g?
1
Let p(g) = -15*g**2 + 3*g - 2. Let b = 1 - -1. Let w(u) = 7*u**2 - u + 1. Let t(c) = b*p(c) + 5*w(c). What is the units digit of t(-1)?
5
Let h = -18 + 25. Let g = h - 3. Suppose 0 = -3*x - 11 - g, -14 = 2*t + 4*x. What is the units digit of t?
3
Let c(v) = -2*v**3 - 2*v**2 + v - 3. Let i be c(-3). Let h = 20 - i. Let w = h + 18. What is the units digit of w?
8
Let w = 3 - -52. What is the units digit of w?
5
Let f(m) = -2 - 3 + 1 - m. Let p be f(6). Let w = -7 - p. What is the units digit of w?
3
Suppose 3*q + 30 = 2*p + q, -5*p - 3*q = -99. What is the units digit of p?
8
Suppose 0 = -5*x - 5*d - 7 - 3, -3*d + 1 = -4*x. What is the tens digit of (x/3)/((-3)/99)?
1
Let o(q) = q**2 + 11*q + 13. Let b be o(-9). Let l(r) be the second derivative of -r**4/12 - 5*r**3/6 + 5*r**2/2 - r. What is the units digit of l(b)?
5
Let z(r) = -r + 7. Let v be z(6). Let t = v - 1. What is the units digit of 10/1 - (t + 2)?
8
Let j be 2/(-4)*(-1 - -1). Suppose j*x + 62 = 2*x. What is the tens digit of x?
3
Let y = 9 + 1. Let c(s) = s - 8. What is the units digit of c(y)?
2
What is the units digit of (-1*9 - 0)/(-1)?
9
Let l = -9 + 29. What is the units digit of l?
0
What is the units digit of 388*(0 - 3/(-2) - 1)?
4
Suppose -16 = 4*p - 2*p. Let z = p - -11. What is the units digit of z?
3
Let b(v) = 78*v**3 + v**2 - 1. What is the units digit of b(1)?
8
Let h = 3 + 2. What is the units digit of h?
5
Let g(f) = f**3 - 8*f**2 + 4*f - 13. What is the hundreds digit of g(9)?
1
Let w(j) = j**3 - j**2 - j + 47. Let i be w(0). Suppose 0 = -5*g + i - 17. Suppose 5*t - 25 = 2*t - k, t - g = 2*k. What is the units digit of t?
8
Suppose 3*s + 2*k = 142, 59 + 129 = 4*s + 3*k. What is the units digit of s?
0
Let v = -5 - -4. Let t be (12 + v)*(0 + 1). Suppose 0 = -3*f - 4*d + t, 5 + 48 = 5*f - 2*d. What is the units digit of f?
9
Suppose -67 = -3*r + 65. What is the tens digit of r?
4
Let m(x) = 130*x - 35. What is the tens digit of m(3)?
5
Let y(t) = -t**2 - 4*t + 4. Let q be y(-8). What is the tens digit of (9 + -3)/(-2) - q?
2
Suppose -6*x = -x. Suppose x = -t - t + 56. Let a = t - 20. What is the units digit of a?
8
Suppose -52 = -2*u + 5*v, -v + 20 = -2*u + 64. What is the tens digit of ((-266)/u)/((-4)/6)?
1
Let j = 29 + -22. What is the units digit of j?
7
Let c be 5/((-15)/36) + 3. Let j = -6 - c. Suppose -j*w - 12 = 3*b, -3*b = -2*w + 8 + 9. What is the units digit of w?
1
Let d be 2/7 + (-1506)/(-21). Suppose 0 = 2*p + p - d. What is the tens digit of p?
2
Let r = 35 - -2. What is the units digit of r?
7
Let z(l) = -5*l**2 - 3. Let p(w) = 4*w**2 - w + 3. Let q(i) = 4*p(i) + 3*z(i). Let r be q(2). What is the units digit of (-189)/(-18) - r/(-2)?
0
Suppose 39*n + 138 = 42*n. What is the tens digit of n?
4
Let z(y) = y**3 - 2*y**2 - 4*y + 1. Suppose 2*l - 4 = -3*k, -k = 4*l + 12 - 0. What is the units digit of z(k)?
7
Let c = 427 + -246. What is the units digit of c?
1
Let f(s) be the third derivative of -5*s**4/8 - s**3/6 - s**2. What is the tens digit of f(-1)?
1
Let g(u) = -2*u - 1. Let n(v) = -1. Let h(l) = -g(l) - n(l). Suppose 0 = 3*i + 3*q - 6, 0 = -5*i 